{"id":3193,"date":"2025-02-19T15:43:35","date_gmt":"2025-02-19T18:43:35","guid":{"rendered":"https:\/\/xboxgames.com.br\/loja\/?post_type=product&#038;p=3193"},"modified":"2025-02-19T15:47:44","modified_gmt":"2025-02-19T18:47:44","slug":"assassins-creed-syndicate","status":"publish","type":"product","link":"https:\/\/xboxgames.com.br\/loja\/produto\/assassins-creed-syndicate\/","title":{"rendered":"Assassins Creed Syndicate"},"content":{"rendered":"<p>Londres, 1868. No auge da Revolu\u00e7\u00e3o Industrial, lidera a tua organiza\u00e7\u00e3o criminosa e aumenta a tua influ\u00eancia para combateres contra os que exploram os menos privilegiados em nome do progresso:<\/p>\n<ul>\n<li><strong>Defensor da justi\u00e7a<\/strong><br \/>\nNa pele de Jacob Frye, um Assassino jovem e impulsivo, usa as tuas habilidades para ajudares aqueles que s\u00e3o espezinhados pela marcha do progresso. Liberta crian\u00e7as que est\u00e3o a ser usadas como escravas em f\u00e1bricas, rouba bens preciosos dos barcos do inimigo\u2026 nada te vai deter na tua luta para devolver a justi\u00e7a \u00e0s ruas de Londres.<\/li>\n<li><strong>Comanda o submundo londrino<\/strong><br \/>\nPara recuperares Londres em nome do povo vais precisar de um ex\u00e9rcito. Como l\u00edder de um gang, fortalece a tua base e traz membros de gangs rivais para a tua causa de modo a reconquistares a capital das garras dos Templ\u00e1rios.<\/li>\n<li><strong>Novo sistema de combate din\u00e2mico<\/strong><br \/>\nEm Assassin\u2019s Creed Syndicate, a a\u00e7\u00e3o \u00e9 r\u00e1pida e brutal. Como mestre marcial, combina v\u00e1rias mortes em simult\u00e2neo e contra-ataques para venceres os teus inimigos.<\/li>\n<\/ul>\n","protected":false},"excerpt":{"rendered":"<p>Londres, 1868. No auge da Revolu\u00e7\u00e3o Industrial, lidera a tua organiza\u00e7\u00e3o criminosa e aumenta a tua influ\u00eancia para combateres contra os que exploram os menos privilegiados em nome do progresso:<\/p>\n","protected":false},"featured_media":3197,"comment_status":"open","ping_status":"closed","template":"","meta":{"nf_dc_page":""},"product_brand":[],"product_cat":[22],"product_tag":[],"class_list":{"0":"post-3193","1":"product","2":"type-product","3":"status-publish","4":"has-post-thumbnail","6":"product_cat-acao-aventura","8":"first","9":"instock","10":"featured","11":"shipping-taxable","12":"purchasable","13":"product-type-variable","14":"has-default-attributes"},"_links":{"self":[{"href":"https:\/\/xboxgames.com.br\/loja\/wp-json\/wp\/v2\/product\/3193","targetHints":{"allow":["GET"]}}],"collection":[{"href":"https:\/\/xboxgames.com.br\/loja\/wp-json\/wp\/v2\/product"}],"about":[{"href":"https:\/\/xboxgames.com.br\/loja\/wp-json\/wp\/v2\/types\/product"}],"replies":[{"embeddable":true,"href":"https:\/\/xboxgames.com.br\/loja\/wp-json\/wp\/v2\/comments?post=3193"}],"version-history":[{"count":1,"href":"https:\/\/xboxgames.com.br\/loja\/wp-json\/wp\/v2\/product\/3193\/revisions"}],"predecessor-version":[{"id":3198,"href":"https:\/\/xboxgames.com.br\/loja\/wp-json\/wp\/v2\/product\/3193\/revisions\/3198"}],"wp:featuredmedia":[{"embeddable":true,"href":"https:\/\/xboxgames.com.br\/loja\/wp-json\/wp\/v2\/media\/3197"}],"wp:attachment":[{"href":"https:\/\/xboxgames.com.br\/loja\/wp-json\/wp\/v2\/media?parent=3193"}],"wp:term":[{"taxonomy":"product_brand","embeddable":true,"href":"https:\/\/xboxgames.com.br\/loja\/wp-json\/wp\/v2\/product_brand?post=3193"},{"taxonomy":"product_cat","embeddable":true,"href":"https:\/\/xboxgames.com.br\/loja\/wp-json\/wp\/v2\/product_cat?post=3193"},{"taxonomy":"product_tag","embeddable":true,"href":"https:\/\/xboxgames.com.br\/loja\/wp-json\/wp\/v2\/product_tag?post=3193"}],"curies":[{"name":"wp","href":"https:\/\/api.w.org\/{rel}","templated":true}]}}