{"id":3162,"date":"2025-02-03T17:57:46","date_gmt":"2025-02-03T20:57:46","guid":{"rendered":"https:\/\/xboxgames.com.br\/loja\/?post_type=product&#038;p=3162"},"modified":"2025-02-03T18:02:03","modified_gmt":"2025-02-03T21:02:03","slug":"asterix-obelix-xxl-romastered","status":"publish","type":"product","link":"https:\/\/xboxgames.com.br\/loja\/produto\/asterix-obelix-xxl-romastered\/","title":{"rendered":"Asterix &#038; Obelix XXL: Romastered"},"content":{"rendered":"<p>O Ast\u00e9rix e o Ob\u00e9lix est\u00e3o de volta numa vers\u00e3o XXL repleta de romanos! Estamos no ano 50 antes de Cristo. Toda a G\u00e1lia est\u00e1 ocupada pelos Romanos&#8230; Toda? N\u00e3o! Uma aldeia povoada por irredut\u00edveis Gauleses resiste ainda e sempre ao invasor. E a vida n\u00e3o \u00e9 nada f\u00e1cil para as guarni\u00e7\u00f5es de legion\u00e1rios romanos acantonadas nos campos fortificados de Bab\u00e1comrum, Aquarium, Laudanum e Pactotum. A paz reinava na pequena aldeia de Arm\u00f3rica, onde os alde\u00f5es cuidavam das suas ocupa\u00e7\u00f5es habituais. Os nossos dois her\u00f3is, Ast\u00e9rix e Ob\u00e9lix, ca\u00e7am javali, o ferreiro e o peixeiro discutem e o chefe da aldeia, empoleirado no seu escudo, passeia na pra\u00e7a da aldeia. Mas um belo dia, ap\u00f3s uma jornada de ca\u00e7a, Ast\u00e9rix e Ob\u00e9lix encontram a aldeia em chamas, pilhada pelos Romanos! Ast\u00e9rix e Ob\u00e9lix partem ent\u00e3o em socorros dos alde\u00f5es acompanhados pelo fiel Ideiafix. Durante a sua viagem, visitar\u00e3o a Normandia, a Gr\u00e9cia, a Helv\u00e9cia, o Egito e, por fim, Roma, para salvarem os alde\u00f5es das garras do imperador C\u00e9sar&#8230;<\/p>\n","protected":false},"excerpt":{"rendered":"<p>O Ast\u00e9rix e o Ob\u00e9lix est\u00e3o de volta numa vers\u00e3o XXL repleta de romanos! Estamos no ano 50 antes de Cristo. Toda a G\u00e1lia est\u00e1 ocupada pelos Romanos&#8230; Toda? N\u00e3o! Uma aldeia povoada por irredut\u00edveis Gauleses resiste ainda e sempre ao invasor. E a vida n\u00e3o \u00e9 nada f\u00e1cil para as guarni\u00e7\u00f5es de legion\u00e1rios romanos acantonadas nos campos fortificados de Bab\u00e1comrum, Aquarium, Laudanum e Pactotum. A paz reinava na pequena aldeia de Arm\u00f3rica, onde os alde\u00f5es cuidavam das suas ocupa\u00e7\u00f5es habituais. Os nossos dois her\u00f3is, Ast\u00e9rix e Ob\u00e9lix, ca\u00e7am javali, o ferreiro e o peixeiro discutem e o chefe da aldeia, empoleirado no seu escudo, passeia na pra\u00e7a da aldeia. Mas um belo dia, ap\u00f3s uma jornada de ca\u00e7a, Ast\u00e9rix e Ob\u00e9lix encontram a aldeia em chamas, pilhada pelos Romanos! Ast\u00e9rix e Ob\u00e9lix partem ent\u00e3o em socorros dos alde\u00f5es acompanhados pelo fiel Ideiafix. Durante a sua viagem, visitar\u00e3o a Normandia, a Gr\u00e9cia, a Helv\u00e9cia, o Egito e, por fim, Roma, para salvarem os alde\u00f5es das garras do imperador C\u00e9sar&#8230;<\/p>\n","protected":false},"featured_media":3166,"comment_status":"open","ping_status":"closed","template":"","meta":{"nf_dc_page":""},"product_brand":[],"product_cat":[22],"product_tag":[],"class_list":{"0":"post-3162","1":"product","2":"type-product","3":"status-publish","4":"has-post-thumbnail","6":"product_cat-acao-aventura","8":"first","9":"instock","10":"featured","11":"shipping-taxable","12":"purchasable","13":"product-type-variable","14":"has-default-attributes"},"_links":{"self":[{"href":"https:\/\/xboxgames.com.br\/loja\/wp-json\/wp\/v2\/product\/3162","targetHints":{"allow":["GET"]}}],"collection":[{"href":"https:\/\/xboxgames.com.br\/loja\/wp-json\/wp\/v2\/product"}],"about":[{"href":"https:\/\/xboxgames.com.br\/loja\/wp-json\/wp\/v2\/types\/product"}],"replies":[{"embeddable":true,"href":"https:\/\/xboxgames.com.br\/loja\/wp-json\/wp\/v2\/comments?post=3162"}],"version-history":[{"count":1,"href":"https:\/\/xboxgames.com.br\/loja\/wp-json\/wp\/v2\/product\/3162\/revisions"}],"predecessor-version":[{"id":3167,"href":"https:\/\/xboxgames.com.br\/loja\/wp-json\/wp\/v2\/product\/3162\/revisions\/3167"}],"wp:featuredmedia":[{"embeddable":true,"href":"https:\/\/xboxgames.com.br\/loja\/wp-json\/wp\/v2\/media\/3166"}],"wp:attachment":[{"href":"https:\/\/xboxgames.com.br\/loja\/wp-json\/wp\/v2\/media?parent=3162"}],"wp:term":[{"taxonomy":"product_brand","embeddable":true,"href":"https:\/\/xboxgames.com.br\/loja\/wp-json\/wp\/v2\/product_brand?post=3162"},{"taxonomy":"product_cat","embeddable":true,"href":"https:\/\/xboxgames.com.br\/loja\/wp-json\/wp\/v2\/product_cat?post=3162"},{"taxonomy":"product_tag","embeddable":true,"href":"https:\/\/xboxgames.com.br\/loja\/wp-json\/wp\/v2\/product_tag?post=3162"}],"curies":[{"name":"wp","href":"https:\/\/api.w.org\/{rel}","templated":true}]}}