{"id":3131,"date":"2025-02-03T14:59:42","date_gmt":"2025-02-03T17:59:42","guid":{"rendered":"https:\/\/xboxgames.com.br\/loja\/?post_type=product&#038;p=3131"},"modified":"2025-05-26T09:03:47","modified_gmt":"2025-05-26T12:03:47","slug":"xbox-series-s-500gb-branco","status":"publish","type":"product","link":"https:\/\/xboxgames.com.br\/loja\/produto\/xbox-series-s-500gb-branco\/","title":{"rendered":"Xbox Series S 512GB  &#8211; Branco"},"content":{"rendered":"<p>Apresentamos o Console Microsoft Xbox Series S de 1TB, combinando alto desempenho com um design compacto, contando com 10 GB de GDDR6, ideal para jogos digitais em 1440p. Equipado com um processador Zen 2 de 8 n\u00facleos e GPU RDNA 2 com 20 CUs e 4 TFLOPS, ele oferece gr\u00e1ficos n\u00edtidos e jogabilidade suave. Com suporte a Dolby Digital 5.1 e Dolby TrueHD com Atmos, garante uma experi\u00eancia de \u00e1udio imersiva, perfeita para gamers.<\/p>\n<div id=\"especificacoes\" class=\"col-12\"><label id=\"j_idt276\" class=\"ui-outputlabel ui-widget title-prod-detal\"><span class=\"ui-outputlabel-label\">Especifica\u00e7\u00f5es<\/span><\/label><\/div>\n<div class=\"h_line3\"><\/div>\n<div class=\"col-4 md:col-6 lg:col-7 grid-prod-espec\">\n<ul>\n<li class=\"grid-item grid-item-prod-espec\"><label id=\"dtFichaTecnicaDesktop:0:j_idt279\" class=\"ui-outputlabel ui-widget title-prod-espec\"><span class=\"ui-outputlabel-label\">Modelo<\/span><\/label><label id=\"dtFichaTecnicaDesktop:0:j_idt283\" class=\"ui-outputlabel ui-widget text-prod-espec\"><span class=\"ui-outputlabel-label\">Xbox Series S<\/span><\/label><\/li>\n<li class=\"grid-item grid-item-prod-espec\"><label id=\"dtFichaTecnicaDesktop:1:j_idt279\" class=\"ui-outputlabel ui-widget title-prod-espec\"><span class=\"ui-outputlabel-label\">Capacidade<\/span><\/label><label id=\"dtFichaTecnicaDesktop:1:j_idt283\" class=\"ui-outputlabel ui-widget text-prod-espec\"><span class=\"ui-outputlabel-label\">512 GB<\/span><\/label><\/li>\n<li class=\"grid-item grid-item-prod-espec\"><label id=\"dtFichaTecnicaDesktop:2:j_idt279\" class=\"ui-outputlabel ui-widget title-prod-espec\"><span class=\"ui-outputlabel-label\">Mem\u00f3ria RAM<\/span><\/label><label id=\"dtFichaTecnicaDesktop:2:j_idt283\" class=\"ui-outputlabel ui-widget text-prod-espec\"><span class=\"ui-outputlabel-label\">10 GB GDDR6<\/span><\/label><\/li>\n<li class=\"grid-item grid-item-prod-espec\"><label id=\"dtFichaTecnicaDesktop:3:j_idt279\" class=\"ui-outputlabel ui-widget title-prod-espec\"><span class=\"ui-outputlabel-label\">Processador<\/span><\/label><label id=\"dtFichaTecnicaDesktop:3:j_idt283\" class=\"ui-outputlabel ui-widget text-prod-espec\"><span class=\"ui-outputlabel-label\">Zen 2 de 8 N\u00facleos a 3,6 GHz (3,4 GHz com SMT) personalizada<\/span><\/label><\/li>\n<li class=\"grid-item grid-item-prod-espec\"><label id=\"dtFichaTecnicaDesktop:4:j_idt279\" class=\"ui-outputlabel ui-widget title-prod-espec\"><span class=\"ui-outputlabel-label\">Gr\u00e1ficos<\/span><\/label><label id=\"dtFichaTecnicaDesktop:4:j_idt283\" class=\"ui-outputlabel ui-widget text-prod-espec\"><span class=\"ui-outputlabel-label\">RDNA 2 de 20 CUs e 4 TFLOPS a 1,565 GHz personalizada<\/span><\/label><\/li>\n<li class=\"grid-item grid-item-prod-espec\"><label id=\"dtFichaTecnicaDesktop:5:j_idt279\" class=\"ui-outputlabel ui-widget title-prod-espec\"><span class=\"ui-outputlabel-label\">\u00c1udio<\/span><\/label><label id=\"dtFichaTecnicaDesktop:5:j_idt283\" class=\"ui-outputlabel ui-widget text-prod-espec\"><span class=\"ui-outputlabel-label\">Dolby Digital 5.1 | DTS 5.1 | Dolby TrueHD com Atmos | L-PCM at\u00e9 7.1<\/span><\/label><\/li>\n<li class=\"grid-item grid-item-prod-espec\"><label id=\"dtFichaTecnicaDesktop:6:j_idt279\" class=\"ui-outputlabel ui-widget title-prod-espec\"><span class=\"ui-outputlabel-label\">Interface<\/span><\/label><label id=\"dtFichaTecnicaDesktop:6:j_idt283\" class=\"ui-outputlabel ui-widget text-prod-espec\"><span class=\"ui-outputlabel-label\">HDMI: 1 porta HDMI 2.1 | USB: 3 portas USB 3.1 Gen 1 | Rede sem fios: 802.11ac Dual Band | Ethernet: 802.3 10\/100\/1000<\/span><\/label><\/li>\n<li class=\"grid-item grid-item-prod-espec\"><label id=\"dtFichaTecnicaDesktop:7:j_idt279\" class=\"ui-outputlabel ui-widget title-prod-espec\"><span class=\"ui-outputlabel-label\">Voltagem<\/span><\/label><label id=\"dtFichaTecnicaDesktop:7:j_idt283\" class=\"ui-outputlabel ui-widget text-prod-espec\"><span class=\"ui-outputlabel-label\">Bivolt<\/span><\/label><\/li>\n<li class=\"grid-item grid-item-prod-espec\"><label id=\"dtFichaTecnicaDesktop:8:j_idt279\" class=\"ui-outputlabel ui-widget title-prod-espec\"><span class=\"ui-outputlabel-label\">Cor<\/span><\/label><label id=\"dtFichaTecnicaDesktop:8:j_idt283\" class=\"ui-outputlabel ui-widget text-prod-espec\"><span class=\"ui-outputlabel-label\">Branco<\/span><\/label><\/li>\n<li class=\"grid-item grid-item-prod-espec\"><label id=\"dtFichaTecnicaDesktop:9:j_idt279\" class=\"ui-outputlabel ui-widget title-prod-espec\"><span class=\"ui-outputlabel-label\">Recursos<\/span><\/label><label id=\"dtFichaTecnicaDesktop:9:j_idt283\" class=\"ui-outputlabel ui-widget text-prod-espec\"><span class=\"ui-outputlabel-label\">Resolu\u00e7\u00e3o dos jogos: 1440p | Objetivo de desempenho: at\u00e9 120 FPS | Funcionalidades HDMI: Modo de Baixa Lat\u00eancia Autom\u00e1tico | Taxa de Atualiza\u00e7\u00e3o Vari\u00e1vel por HDMI | AMD FreeSync | HDR<\/span><\/label><\/li>\n<li class=\"grid-item grid-item-prod-espec\"><label id=\"dtFichaTecnicaDesktop:10:j_idt279\" class=\"ui-outputlabel ui-widget title-prod-espec\"><span class=\"ui-outputlabel-label\">Peso bruto<\/span><\/label><label id=\"dtFichaTecnicaDesktop:10:j_idt283\" class=\"ui-outputlabel ui-widget text-prod-espec\"><span class=\"ui-outputlabel-label\">1.92 kg<\/span><\/label><\/li>\n<li class=\"grid-item grid-item-prod-espec\"><label id=\"dtFichaTecnicaDesktop:11:j_idt279\" class=\"ui-outputlabel ui-widget title-prod-espec\"><span class=\"ui-outputlabel-label\">Dimens\u00f5es<\/span><\/label><label id=\"dtFichaTecnicaDesktop:11:j_idt283\" class=\"ui-outputlabel ui-widget text-prod-espec\"><span class=\"ui-outputlabel-label\">15.1 x 15.1 x 30.1 cm<\/span><\/label><\/li>\n<\/ul>\n<\/div>\n","protected":false},"excerpt":{"rendered":"<p>Apresentamos o Console Microsoft Xbox Series S de 1TB, combinando alto desempenho com um design compacto, contando com 10 GB de GDDR6, ideal para jogos digitais em 1440p. Equipado com um processador Zen 2 de 8 n\u00facleos e GPU RDNA 2 com 20 CUs e 4 TFLOPS, ele oferece gr\u00e1ficos n\u00edtidos e jogabilidade suave. Com suporte a Dolby Digital 5.1 e Dolby TrueHD com Atmos, garante uma experi\u00eancia de \u00e1udio imersiva, perfeita para gamers.<\/p>\n","protected":false},"featured_media":3126,"comment_status":"open","ping_status":"closed","template":"","meta":{"nf_dc_page":""},"product_brand":[157],"product_cat":[21],"product_tag":[],"class_list":{"0":"post-3131","1":"product","2":"type-product","3":"status-publish","4":"has-post-thumbnail","6":"product_brand-microsoft","7":"product_cat-consoles-e-acessorios","9":"first","10":"instock","11":"featured","12":"shipping-taxable","13":"purchasable","14":"product-type-simple"},"_links":{"self":[{"href":"https:\/\/xboxgames.com.br\/loja\/wp-json\/wp\/v2\/product\/3131","targetHints":{"allow":["GET"]}}],"collection":[{"href":"https:\/\/xboxgames.com.br\/loja\/wp-json\/wp\/v2\/product"}],"about":[{"href":"https:\/\/xboxgames.com.br\/loja\/wp-json\/wp\/v2\/types\/product"}],"replies":[{"embeddable":true,"href":"https:\/\/xboxgames.com.br\/loja\/wp-json\/wp\/v2\/comments?post=3131"}],"version-history":[{"count":3,"href":"https:\/\/xboxgames.com.br\/loja\/wp-json\/wp\/v2\/product\/3131\/revisions"}],"predecessor-version":[{"id":3136,"href":"https:\/\/xboxgames.com.br\/loja\/wp-json\/wp\/v2\/product\/3131\/revisions\/3136"}],"wp:featuredmedia":[{"embeddable":true,"href":"https:\/\/xboxgames.com.br\/loja\/wp-json\/wp\/v2\/media\/3126"}],"wp:attachment":[{"href":"https:\/\/xboxgames.com.br\/loja\/wp-json\/wp\/v2\/media?parent=3131"}],"wp:term":[{"taxonomy":"product_brand","embeddable":true,"href":"https:\/\/xboxgames.com.br\/loja\/wp-json\/wp\/v2\/product_brand?post=3131"},{"taxonomy":"product_cat","embeddable":true,"href":"https:\/\/xboxgames.com.br\/loja\/wp-json\/wp\/v2\/product_cat?post=3131"},{"taxonomy":"product_tag","embeddable":true,"href":"https:\/\/xboxgames.com.br\/loja\/wp-json\/wp\/v2\/product_tag?post=3131"}],"curies":[{"name":"wp","href":"https:\/\/api.w.org\/{rel}","templated":true}]}}