{"id":3096,"date":"2025-02-03T11:12:38","date_gmt":"2025-02-03T14:12:38","guid":{"rendered":"https:\/\/xboxgames.com.br\/loja\/?post_type=product&#038;p=3096"},"modified":"2025-02-03T11:18:34","modified_gmt":"2025-02-03T14:18:34","slug":"mxgp2","status":"publish","type":"product","link":"https:\/\/xboxgames.com.br\/loja\/produto\/mxgp2\/","title":{"rendered":"MXGP2"},"content":{"rendered":"<p>Prepara-te para viver o sonho do motocrosse! Pilotos e motas oficiais e licenciados e pistas reais: esta \u00e9 a mistura explosiva que te ir\u00e1 lan\u00e7ar para o mundo do MXGP! Compete em 18 pistas oficiais da temporada 2015 do campeonato MXGP, descobre a emo\u00e7\u00e3o do MXoN e mostra o teu valor em 4 pistas indoor espetaculares! Mas h\u00e1 mais\u2026 cria a tua equipa e piloto e n\u00e3o te esque\u00e7as de melhorar o desempenho da tua mota com in\u00fameros acess\u00f3rios das grandes marcas do mundo do motocrosse!<\/p>\n","protected":false},"excerpt":{"rendered":"<p>Prepara-te para viver o sonho do motocrosse! Pilotos e motas oficiais e licenciados e pistas reais: esta \u00e9 a mistura explosiva que te ir\u00e1 lan\u00e7ar para o mundo do MXGP! Compete em 18 pistas oficiais da temporada 2015 do campeonato MXGP, descobre a emo\u00e7\u00e3o do MXoN e mostra o teu valor em 4 pistas indoor espetaculares! Mas h\u00e1 mais\u2026 cria a tua equipa e piloto e n\u00e3o te esque\u00e7as de melhorar o desempenho da tua mota com in\u00fameros acess\u00f3rios das grandes marcas do mundo do motocrosse!<\/p>\n","protected":false},"featured_media":3100,"comment_status":"open","ping_status":"closed","template":"","meta":{"nf_dc_page":""},"product_brand":[],"product_cat":[28],"product_tag":[],"class_list":{"0":"post-3096","1":"product","2":"type-product","3":"status-publish","4":"has-post-thumbnail","6":"product_cat-corridas-voo","8":"first","9":"instock","10":"featured","11":"shipping-taxable","12":"purchasable","13":"product-type-variable","14":"has-default-attributes"},"_links":{"self":[{"href":"https:\/\/xboxgames.com.br\/loja\/wp-json\/wp\/v2\/product\/3096","targetHints":{"allow":["GET"]}}],"collection":[{"href":"https:\/\/xboxgames.com.br\/loja\/wp-json\/wp\/v2\/product"}],"about":[{"href":"https:\/\/xboxgames.com.br\/loja\/wp-json\/wp\/v2\/types\/product"}],"replies":[{"embeddable":true,"href":"https:\/\/xboxgames.com.br\/loja\/wp-json\/wp\/v2\/comments?post=3096"}],"version-history":[{"count":1,"href":"https:\/\/xboxgames.com.br\/loja\/wp-json\/wp\/v2\/product\/3096\/revisions"}],"predecessor-version":[{"id":3101,"href":"https:\/\/xboxgames.com.br\/loja\/wp-json\/wp\/v2\/product\/3096\/revisions\/3101"}],"wp:featuredmedia":[{"embeddable":true,"href":"https:\/\/xboxgames.com.br\/loja\/wp-json\/wp\/v2\/media\/3100"}],"wp:attachment":[{"href":"https:\/\/xboxgames.com.br\/loja\/wp-json\/wp\/v2\/media?parent=3096"}],"wp:term":[{"taxonomy":"product_brand","embeddable":true,"href":"https:\/\/xboxgames.com.br\/loja\/wp-json\/wp\/v2\/product_brand?post=3096"},{"taxonomy":"product_cat","embeddable":true,"href":"https:\/\/xboxgames.com.br\/loja\/wp-json\/wp\/v2\/product_cat?post=3096"},{"taxonomy":"product_tag","embeddable":true,"href":"https:\/\/xboxgames.com.br\/loja\/wp-json\/wp\/v2\/product_tag?post=3096"}],"curies":[{"name":"wp","href":"https:\/\/api.w.org\/{rel}","templated":true}]}}