{"id":2972,"date":"2025-01-30T15:53:15","date_gmt":"2025-01-30T18:53:15","guid":{"rendered":"https:\/\/xboxgames.com.br\/loja\/?post_type=product&#038;p=2972"},"modified":"2025-01-30T16:00:38","modified_gmt":"2025-01-30T19:00:38","slug":"the-last-oricru-final-cut","status":"publish","type":"product","link":"https:\/\/xboxgames.com.br\/loja\/produto\/the-last-oricru-final-cut\/","title":{"rendered":"The Last Oricru &#8211; Final Cut"},"content":{"rendered":"<p><strong>The Last Oricru<\/strong>\u00a0\u00e9 um RPG de a\u00e7\u00e3o baseado em hist\u00f3ria, que coloca voc\u00ea no meio de um conflito entre duas ra\u00e7as, em um planeta parcialmente terraformado e isolado do espa\u00e7o c\u00f3smico por uma barreira protetora. Suas decis\u00f5es causar\u00e3o reviravoltas interessantes no jogo, j\u00e1 que voc\u00ea pode influenciar profundamente o conflito e o seu resultado. Voc\u00ea encontrar\u00e1 centenas de lutas intensas em um brutal mundo medieval de fic\u00e7\u00e3o cient\u00edfica, onde cada decis\u00e3o tem suas consequ\u00eancias. Suba seu her\u00f3i de n\u00edvel, melhore suas habilidades antes de enfrentar um dos v\u00e1rios chef\u00f5es e prepare-se para um n\u00famero sem precedentes de possibilidades. Enfrente seus inimigos sozinho ou com um amigo, em tela dividida ou co-op online.<\/p>\n<ul>\n<li><strong>Enredo intrigante<\/strong><br \/>\nMergulhe no passado esquecido do mundo. Descubra a conspira\u00e7\u00e3o por tr\u00e1s dos eventos que acontecem conforme voc\u00ea joga.<\/li>\n<li><strong>Decis\u00f5es impactantes<\/strong><\/li>\n<li><strong>Combate desafiador<\/strong><br \/>\nUm combate f\u00e1cil de entender, mas dif\u00edcil de dominar, que tem como objetivo criar uma experi\u00eancia \u00e1rdua, por\u00e9m recompensadora.<\/li>\n<li><strong>Co-op de sof\u00e1 e online<\/strong><br \/>\nConvide seus amigos para jogar em casa ou chame seu um amigo para participar das suas aventuras! The Last Oricru foi desenvolvido para tornar o modo co-op uma experi\u00eancia inigual\u00e1vel: voc\u00ea pode encontrar novas formas divertidas de derrotar chef\u00f5es ou chegar a \u00e1reas secretas especiais. O cl\u00e1ssico sistema de estat\u00edstica de personagens permite que cada um especialize seu personagem de uma forma diferente, a fim de aproveitar os benef\u00edcios da diversidade de representa\u00e7\u00f5es: torne-se um pesado tanque corpo a corpo e proteja seu amigo arqueiro ou forme uma dupla de magos e use um dos feiti\u00e7os de co-op para causar estragos entres os inimigos. Voc\u00eas tamb\u00e9m podem querer formar uma dupla de espadachins para, juntos, abrirem caminho por entre os inimigos.<\/li>\n<li><strong>Narrativa fascinante<\/strong><br \/>\nVasculha o passado esquecido do mundo. Desvenda a conspira\u00e7\u00e3o por detr\u00e1s dos eventos que se sucedem.<\/li>\n<li><strong>Decis\u00f5es impactantes<\/strong><br \/>\nUma \u00e1rvore de decis\u00f5es enorme: as tuas decis\u00f5es resultam em desfechos diferentes, afetam o enredo, personagens, finais do jogo, visuais dos n\u00edveis e a jogabilidade.<\/li>\n<li><strong>Combates desafiantes<\/strong><br \/>\nOs combates s\u00e3o intuitivos mas dif\u00edceis de dominar, criando uma experi\u00eancia exigente mas recompensadora.<\/li>\n<li><strong>Modo cooperativo online e local<\/strong><br \/>\nConvida amigos ou a tua cara metade a juntarem-se \u00e0 aventura! The Last Oricru vem inovar o modo cooperativo: encontra novas formas divertidas de derrotar bosses ou chegar a \u00e1reas especiais. Sendo um cl\u00e1ssico dos RPG, o sistema de atributos de personagem permite personalizar as personagens \u00e0 vontade e tirar proveito de cada classe: torna-te uma resistente for\u00e7a corpo a corpo e protege um arqueiro amigo, ou cria uma dupla de magos e causa estragos aos inimigos com um dos feiti\u00e7os exclusivos do modo cooperativo. Podes ainda fazer um par de espadachins e superar os inimigos em batalhas intensas. Quem decide \u00e9s tu, e a tua dupla.<\/li>\n<\/ul>\n","protected":false},"excerpt":{"rendered":"<p><strong>The Last Oricru<\/strong>\u00a0\u00e9 um RPG de a\u00e7\u00e3o baseado em hist\u00f3ria, que coloca voc\u00ea no meio de um conflito entre duas ra\u00e7as, em um planeta parcialmente terraformado e isolado do espa\u00e7o c\u00f3smico por uma barreira protetora. Suas decis\u00f5es causar\u00e3o reviravoltas interessantes no jogo, j\u00e1 que voc\u00ea pode influenciar profundamente o conflito e o seu resultado. Voc\u00ea encontrar\u00e1 centenas de lutas intensas em um brutal mundo medieval de fic\u00e7\u00e3o cient\u00edfica, onde cada decis\u00e3o tem suas consequ\u00eancias. Suba seu her\u00f3i de n\u00edvel, melhore suas habilidades antes de enfrentar um dos v\u00e1rios chef\u00f5es e prepare-se para um n\u00famero sem precedentes de possibilidades. Enfrente seus inimigos sozinho ou com um amigo, em tela dividida ou co-op online.<\/p>\n","protected":false},"featured_media":2977,"comment_status":"open","ping_status":"closed","template":"","meta":{"nf_dc_page":""},"product_brand":[],"product_cat":[22,25],"product_tag":[],"class_list":{"0":"post-2972","1":"product","2":"type-product","3":"status-publish","4":"has-post-thumbnail","6":"product_cat-acao-aventura","7":"product_cat-rpg","9":"first","10":"instock","11":"featured","12":"shipping-taxable","13":"purchasable","14":"product-type-variable","15":"has-default-attributes"},"_links":{"self":[{"href":"https:\/\/xboxgames.com.br\/loja\/wp-json\/wp\/v2\/product\/2972","targetHints":{"allow":["GET"]}}],"collection":[{"href":"https:\/\/xboxgames.com.br\/loja\/wp-json\/wp\/v2\/product"}],"about":[{"href":"https:\/\/xboxgames.com.br\/loja\/wp-json\/wp\/v2\/types\/product"}],"replies":[{"embeddable":true,"href":"https:\/\/xboxgames.com.br\/loja\/wp-json\/wp\/v2\/comments?post=2972"}],"version-history":[{"count":1,"href":"https:\/\/xboxgames.com.br\/loja\/wp-json\/wp\/v2\/product\/2972\/revisions"}],"predecessor-version":[{"id":2978,"href":"https:\/\/xboxgames.com.br\/loja\/wp-json\/wp\/v2\/product\/2972\/revisions\/2978"}],"wp:featuredmedia":[{"embeddable":true,"href":"https:\/\/xboxgames.com.br\/loja\/wp-json\/wp\/v2\/media\/2977"}],"wp:attachment":[{"href":"https:\/\/xboxgames.com.br\/loja\/wp-json\/wp\/v2\/media?parent=2972"}],"wp:term":[{"taxonomy":"product_brand","embeddable":true,"href":"https:\/\/xboxgames.com.br\/loja\/wp-json\/wp\/v2\/product_brand?post=2972"},{"taxonomy":"product_cat","embeddable":true,"href":"https:\/\/xboxgames.com.br\/loja\/wp-json\/wp\/v2\/product_cat?post=2972"},{"taxonomy":"product_tag","embeddable":true,"href":"https:\/\/xboxgames.com.br\/loja\/wp-json\/wp\/v2\/product_tag?post=2972"}],"curies":[{"name":"wp","href":"https:\/\/api.w.org\/{rel}","templated":true}]}}