{"id":2804,"date":"2025-01-29T14:31:01","date_gmt":"2025-01-29T17:31:01","guid":{"rendered":"https:\/\/xboxgames.com.br\/loja\/?post_type=product&#038;p=2804"},"modified":"2025-01-29T18:25:43","modified_gmt":"2025-01-29T21:25:43","slug":"red-dead-redemption-2-xbox-one-xs","status":"publish","type":"product","link":"https:\/\/xboxgames.com.br\/loja\/produto\/red-dead-redemption-2-xbox-one-xs\/","title":{"rendered":"Red Dead Redemption 2 \u2013 Xbox One \/ XS"},"content":{"rendered":"<p><strong>Inclui Red Dead Redemption 2: Modo Hist\u00f3ria e Red Dead Online.<\/strong><\/p>\n<p>Vencedor de mais de 175 pr\u00eamios de Jogo do Ano e avaliado com mais de 250 notas m\u00e1ximas,\u00a0<strong>Red Dead Redemption 2<\/strong>\u00a0\u00e9 uma hist\u00f3ria \u00e9pica de honra e lealdade no alvorecer dos tempos modernos.<\/p>\n<p>Estados Unidos, 1899. Arthur Morgan e a gangue Van der Linde s\u00e3o for\u00e7ados a fugir. Com agentes federais e os melhores ca\u00e7adores de recompensas no seu encal\u00e7o, a gangue precisa roubar, assaltar e lutar para sobreviver no impiedoso cora\u00e7\u00e3o dos Estados Unidos. Conforme divis\u00f5es internas profundas amea\u00e7am despeda\u00e7ar a gangue, Arthur deve fazer uma escolha entre os seus pr\u00f3prios ideais e a lealdade \u00e0 gangue que o criou.<\/p>\n<p><strong>Red Dead Redemption 2<\/strong>\u00a0tamb\u00e9m inclui o mundo compartilhado de\u00a0<strong>Red Dead Online<br \/>\n<\/strong>\u2013Trilhe seu pr\u00f3prio caminho enquanto enfrenta autoridades, gangues fora da lei e animais selvagens ferozes para construir uma vida na fronteira dos Estados Unidos. Monte um acampamento, cavalgue com ou sem um bando e explore tudo, das montanhas nevadas no norte aos p\u00e2ntanos do sul, de postos remotos a fazendas agitadas e cidades vibrantes. V\u00e1 atr\u00e1s de recompensas, cace, pesque e negocie, procure tesouros ex\u00f3ticos, toque sua pr\u00f3pria destilaria clandestina de Moonshine ou se torne Naturalista para aprender os segredos do reino animal e muito mais num mundo rico em detalhes. Inclui todos os recursos, conte\u00fados e melhorias adicionados desde o lan\u00e7amento.<\/p>\n","protected":false},"excerpt":{"rendered":"<p><strong>Inclui Red Dead Redemption 2: Modo Hist\u00f3ria e Red Dead Online.<\/strong><\/p>\n<p>Vencedor de mais de 175 pr\u00eamios de Jogo do Ano e avaliado com mais de 250 notas m\u00e1ximas,\u00a0<strong>Red Dead Redemption 2<\/strong>\u00a0\u00e9 uma hist\u00f3ria \u00e9pica de honra e lealdade no alvorecer dos tempos modernos.<\/p>\n","protected":false},"featured_media":2808,"comment_status":"open","ping_status":"closed","template":"","meta":{"nf_dc_page":""},"product_brand":[],"product_cat":[22],"product_tag":[],"class_list":{"0":"post-2804","1":"product","2":"type-product","3":"status-publish","4":"has-post-thumbnail","6":"product_cat-acao-aventura","8":"first","9":"instock","10":"featured","11":"shipping-taxable","12":"purchasable","13":"product-type-variable","14":"has-default-attributes"},"_links":{"self":[{"href":"https:\/\/xboxgames.com.br\/loja\/wp-json\/wp\/v2\/product\/2804","targetHints":{"allow":["GET"]}}],"collection":[{"href":"https:\/\/xboxgames.com.br\/loja\/wp-json\/wp\/v2\/product"}],"about":[{"href":"https:\/\/xboxgames.com.br\/loja\/wp-json\/wp\/v2\/types\/product"}],"replies":[{"embeddable":true,"href":"https:\/\/xboxgames.com.br\/loja\/wp-json\/wp\/v2\/comments?post=2804"}],"version-history":[{"count":1,"href":"https:\/\/xboxgames.com.br\/loja\/wp-json\/wp\/v2\/product\/2804\/revisions"}],"predecessor-version":[{"id":2809,"href":"https:\/\/xboxgames.com.br\/loja\/wp-json\/wp\/v2\/product\/2804\/revisions\/2809"}],"wp:featuredmedia":[{"embeddable":true,"href":"https:\/\/xboxgames.com.br\/loja\/wp-json\/wp\/v2\/media\/2808"}],"wp:attachment":[{"href":"https:\/\/xboxgames.com.br\/loja\/wp-json\/wp\/v2\/media?parent=2804"}],"wp:term":[{"taxonomy":"product_brand","embeddable":true,"href":"https:\/\/xboxgames.com.br\/loja\/wp-json\/wp\/v2\/product_brand?post=2804"},{"taxonomy":"product_cat","embeddable":true,"href":"https:\/\/xboxgames.com.br\/loja\/wp-json\/wp\/v2\/product_cat?post=2804"},{"taxonomy":"product_tag","embeddable":true,"href":"https:\/\/xboxgames.com.br\/loja\/wp-json\/wp\/v2\/product_tag?post=2804"}],"curies":[{"name":"wp","href":"https:\/\/api.w.org\/{rel}","templated":true}]}}