{"id":2790,"date":"2025-01-29T13:40:30","date_gmt":"2025-01-29T16:40:30","guid":{"rendered":"https:\/\/xboxgames.com.br\/loja\/?post_type=product&#038;p=2790"},"modified":"2025-01-29T18:25:51","modified_gmt":"2025-01-29T21:25:51","slug":"call-of-duty-black-ops-6-pacote-multigeracao","status":"publish","type":"product","link":"https:\/\/xboxgames.com.br\/loja\/produto\/call-of-duty-black-ops-6-pacote-multigeracao\/","title":{"rendered":"Call of Duty\u00ae: Black Ops 6 &#8211; Pacote Multigera\u00e7\u00e3o"},"content":{"rendered":"<p>Inclui: &#8211; Pacote Multigera\u00e7\u00e3o do Call of Duty\u00ae: Black Ops 6 &#8212; Cont\u00e9m as vers\u00f5es do jogo para Xbox One e Xbox Series X|S Rebeli\u00e3o For\u00e7ada. Ca\u00e7ada Interna. Esse \u00e9 o Call of Duty\u00ae: Black Ops 6. Desenvolvido por Treyarch e Raven, Black Ops 6 \u00e9 um suspense de a\u00e7\u00e3o e espionagem ambientado no in\u00edcio dos anos 90, um per\u00edodo de transi\u00e7\u00e3o e revolta na pol\u00edtica global, caracterizado pelo fim da Guerra Fria e a ascens\u00e3o dos Estados Unidos como superpot\u00eancia \u00fanica. Com uma narrativa alucinante e livre das regras de engajamento, \u00e9 um cl\u00e1ssico Black Ops. A Campanha do Black Ops 6 entrega jogabilidade din\u00e2mica a todo instante, incluindo v\u00e1rios espa\u00e7os de jogo com cen\u00e1rios de grande sucesso e momentos carregados de a\u00e7\u00e3o, assaltos de alto risco e intrigantes opera\u00e7\u00f5es de espionagem. Na melhor experi\u00eancia Multijogador da categoria, jogadores v\u00e3o testar suas habilidades em 16 mapas novos, incluindo 12 mapas principais 6v6 e 4 mapas de ataque, com compatibilidade 2v2 e 6v6. O Black Ops 6 tamb\u00e9m marca o retorno \u00e9pico de Zumbis por rodada, um modo favorito dos f\u00e3s, onde jogadores v\u00e3o derrubar hordas de mortos-vivos em dois mapas in\u00e9ditos. Com conte\u00fado adicional a caminho, os jogadores podem aguardar mapas ainda mais emocionantes e experi\u00eancias inovadoras chegando tanto no Multijogador quanto em Zumbis. A Activision pode modificar ou encerrar o servi\u00e7o online no futuro, podendo impactar a disponibilidade cont\u00ednua do jogo online. Servi\u00e7os online podem ser encerrados devido alguns fatores, inclusive o n\u00famero de jogadores. Espa\u00e7o para armazenamento adicional pode ser necess\u00e1rio para atualiza\u00e7\u00f5es obrigat\u00f3rias do jogo. Para mais informa\u00e7\u00f5es, acesse www.callofduty.com.br. \u00a9 2024 Activision Publishing, Inc. ACTIVISION, CALL OF DUTY e CALL OF DUTY BLACK OPS s\u00e3o marcas registradas da Activision Publishing, Inc. Todas as demais marcas registradas e nomes comerciais s\u00e3o propriedade de seus respectivos donos. Este produto cont\u00e9m tecnologia de software licenciada da Id Software (&#8216;Id Technology\u2019). Id Technology \u00a9 1999-2024 Id Software, Inc.<\/p>\n","protected":false},"excerpt":{"rendered":"<p>Desenvolvido por Treyarch e Raven, Black Ops 6 \u00e9 um suspense de a\u00e7\u00e3o e espionagem ambientado no in\u00edcio dos anos 90, um per\u00edodo de transi\u00e7\u00e3o e revolta na pol\u00edtica global, caracterizado pelo fim da Guerra Fria e a ascens\u00e3o dos Estados Unidos como superpot\u00eancia \u00fanica. Com uma narrativa alucinante e livre das regras de engajamento, \u00e9 um cl\u00e1ssico Black Ops.<\/p>\n","protected":false},"featured_media":2794,"comment_status":"open","ping_status":"closed","template":"","meta":{"nf_dc_page":""},"product_brand":[],"product_cat":[52],"product_tag":[],"class_list":{"0":"post-2790","1":"product","2":"type-product","3":"status-publish","4":"has-post-thumbnail","6":"product_cat-jogos-de-tiros","8":"first","9":"instock","10":"featured","11":"shipping-taxable","12":"purchasable","13":"product-type-variable","14":"has-default-attributes"},"_links":{"self":[{"href":"https:\/\/xboxgames.com.br\/loja\/wp-json\/wp\/v2\/product\/2790","targetHints":{"allow":["GET"]}}],"collection":[{"href":"https:\/\/xboxgames.com.br\/loja\/wp-json\/wp\/v2\/product"}],"about":[{"href":"https:\/\/xboxgames.com.br\/loja\/wp-json\/wp\/v2\/types\/product"}],"replies":[{"embeddable":true,"href":"https:\/\/xboxgames.com.br\/loja\/wp-json\/wp\/v2\/comments?post=2790"}],"version-history":[{"count":1,"href":"https:\/\/xboxgames.com.br\/loja\/wp-json\/wp\/v2\/product\/2790\/revisions"}],"predecessor-version":[{"id":2795,"href":"https:\/\/xboxgames.com.br\/loja\/wp-json\/wp\/v2\/product\/2790\/revisions\/2795"}],"wp:featuredmedia":[{"embeddable":true,"href":"https:\/\/xboxgames.com.br\/loja\/wp-json\/wp\/v2\/media\/2794"}],"wp:attachment":[{"href":"https:\/\/xboxgames.com.br\/loja\/wp-json\/wp\/v2\/media?parent=2790"}],"wp:term":[{"taxonomy":"product_brand","embeddable":true,"href":"https:\/\/xboxgames.com.br\/loja\/wp-json\/wp\/v2\/product_brand?post=2790"},{"taxonomy":"product_cat","embeddable":true,"href":"https:\/\/xboxgames.com.br\/loja\/wp-json\/wp\/v2\/product_cat?post=2790"},{"taxonomy":"product_tag","embeddable":true,"href":"https:\/\/xboxgames.com.br\/loja\/wp-json\/wp\/v2\/product_tag?post=2790"}],"curies":[{"name":"wp","href":"https:\/\/api.w.org\/{rel}","templated":true}]}}